{"id":45,"date":"2021-02-13T16:42:15","date_gmt":"2021-02-13T15:42:15","guid":{"rendered":"http:\/\/hypnosensetvie.fr\/?page_id=45"},"modified":"2022-11-30T14:09:14","modified_gmt":"2022-11-30T13:09:14","slug":"il-faut-parfois-ceder-pour-pouvoir-saider","status":"publish","type":"page","link":"https:\/\/hypnosensetvie.fr\/","title":{"rendered":"Bienvenue"},"content":{"rendered":"\n<p class=\"has-text-align-center\" style=\"font-size:30px\">\u00ab\u00a0\u2026Il faut parfois <\/p>\n\n\n\n<p class=\"has-text-align-center\" style=\"font-size:30px\">c\u00e9der pour pouvoir <\/p>\n\n\n\n<p class=\"has-text-align-center\" style=\"font-size:30px\">s&rsquo;aider\u2026\u00a0\u00bb<\/p>\n\n\n\n<p class=\"has-text-align-center has-text-color has-medium-font-size\" style=\"color:#20262b\">\u00c9couter <br>Comprendre<br>Transformer<br>D\u00e9passer ses maux<br>Blessures<br>Blocages<br>Zones d&rsquo;ombre<br>et Obstacles int\u00e9rieurs<\/p>\n\n\n\n<p class=\"has-text-align-center has-text-color has-medium-font-size\" style=\"color:#20262b\">Pour atteindre concr\u00e8tement ses objectifs avec sens et coh\u00e9rence. <\/p>\n\n\n\n<p class=\"has-text-align-center has-text-color has-medium-font-size\" style=\"color:#20262b\"><\/p>\n\n\n\n<div class=\"wp-block-image is-style-rounded\"><figure class=\"aligncenter size-large is-resized\"><img loading=\"lazy\" src=\"https:\/\/hypnosensetvie.fr\/wp-content\/uploads\/2021\/02\/v.jpg\" alt=\"\" class=\"wp-image-242\" width=\"272\" height=\"271\" srcset=\"https:\/\/hypnosensetvie.fr\/wp-content\/uploads\/2021\/02\/v.jpg 780w, https:\/\/hypnosensetvie.fr\/wp-content\/uploads\/2021\/02\/v-300x300.jpg 300w, https:\/\/hypnosensetvie.fr\/wp-content\/uploads\/2021\/02\/v-150x150.jpg 150w, https:\/\/hypnosensetvie.fr\/wp-content\/uploads\/2021\/02\/v-768x768.jpg 768w\" sizes=\"(max-width: 272px) 100vw, 272px\" \/><\/figure><\/div>\n\n\n\n<p class=\"has-text-align-left has-medium-font-size\">J\u2019accompagne les <strong>enfants<\/strong>, <strong>adolescents <\/strong>et <strong>adultes <\/strong>engag\u00e9s \u00e0 initier des changements rapides, durables et profonds dans leur vie.&nbsp;<\/p>\n\n\n\n<p class=\"has-text-align-left has-medium-font-size\">Ensemble, nous <strong>trouvons les cl\u00e9s<\/strong> de vos probl\u00e9matiques, vos angoisses, vos blessures, vos sch\u00e9mas r\u00e9p\u00e9titifs, les nombreux complexes et les souffrances <strong>qui vous habitent<\/strong>\u2026.<\/p>\n\n\n\n<p class=\"has-text-align-left has-medium-font-size\">Et nous portons un <strong>regard <\/strong>responsable, <strong>unique <\/strong>et <strong>coh\u00e9rent <\/strong>sur vos histoires, vos \u00e9motions et vos comportements pour faire en sorte que ces&nbsp;zones d\u2019ombre ne soient plus des fatalit\u00e9s mais bien <strong>de puissants vecteurs d\u2019\u00e9volution<\/strong>.&nbsp;<\/p>\n\n\n\n<p class=\"has-text-align-center has-medium-font-size\"><\/p>\n\n\n\n<blockquote class=\"wp-block-quote\"><p><em>\u00ab&nbsp;Il y a au fond de vous de multiples petites \u00e9tincelles de potentialit\u00e9s : elles ne demandent qu\u2019un souffle pour s\u2019enflammer en de magnifiques r\u00e9ussites.&nbsp;\u00bb <\/em><br><\/p><cite>Wilferd Peterson<\/cite><\/blockquote>\n\n\n\n<p><\/p>\n\n\n\n<blockquote class=\"wp-block-quote\"><p><em>\u00ab&nbsp;Parce qu\u2019inconsciemment vous en savez autant et m\u00eame bien plus que ce que vous savez consciemment&nbsp;\u00bb<\/em><br><\/p><cite>Milton Erickson<\/cite><\/blockquote>\n\n\n\n<iframe loading=\"lazy\" src=\"https:\/\/www.consultoo.fr\/widgets\/calendar\/43275ad0-6001-4bf6-b70e-d1fb91953f43\" width=\"100%\" height=\"500px\" frameborder=\"0\"><\/iframe>\n\n\n\n<p><\/p>\n","protected":false},"excerpt":{"rendered":"<p>\u00ab\u00a0\u2026Il faut parfois c\u00e9der pour pouvoir s&rsquo;aider\u2026\u00a0\u00bb \u00c9couter ComprendreTransformerD\u00e9passer ses mauxBlessuresBlocagesZones d&rsquo;ombreet Obstacles int\u00e9rieurs Pour atteindre concr\u00e8tement ses objectifs avec sens et coh\u00e9rence. J\u2019accompagne les enfants, adolescents et adultes engag\u00e9s \u00e0 initier des changements rapides, durables et profonds dans leur vie.&nbsp; Ensemble, nous trouvons les cl\u00e9s de vos probl\u00e9matiques, vos angoisses, vos blessures, vos sch\u00e9mas [&hellip;]<\/p>\n","protected":false},"author":1,"featured_media":0,"parent":0,"menu_order":0,"comment_status":"closed","ping_status":"closed","template":"","meta":[],"_links":{"self":[{"href":"https:\/\/hypnosensetvie.fr\/index.php?rest_route=\/wp\/v2\/pages\/45"}],"collection":[{"href":"https:\/\/hypnosensetvie.fr\/index.php?rest_route=\/wp\/v2\/pages"}],"about":[{"href":"https:\/\/hypnosensetvie.fr\/index.php?rest_route=\/wp\/v2\/types\/page"}],"author":[{"embeddable":true,"href":"https:\/\/hypnosensetvie.fr\/index.php?rest_route=\/wp\/v2\/users\/1"}],"replies":[{"embeddable":true,"href":"https:\/\/hypnosensetvie.fr\/index.php?rest_route=%2Fwp%2Fv2%2Fcomments&post=45"}],"version-history":[{"count":41,"href":"https:\/\/hypnosensetvie.fr\/index.php?rest_route=\/wp\/v2\/pages\/45\/revisions"}],"predecessor-version":[{"id":405,"href":"https:\/\/hypnosensetvie.fr\/index.php?rest_route=\/wp\/v2\/pages\/45\/revisions\/405"}],"wp:attachment":[{"href":"https:\/\/hypnosensetvie.fr\/index.php?rest_route=%2Fwp%2Fv2%2Fmedia&parent=45"}],"curies":[{"name":"wp","href":"https:\/\/api.w.org\/{rel}","templated":true}]}}